e remainder when 790384 is divided by 130?
114
Calculate the remainder when 49389164 is divided by 24694550.
64
What is the remainder when 53865 is divided by 10513?
1300
What is the remainder when 424455 is divided by 991?
307
What is the remainder when 2149666 is divided by 1974?
1954
Calculate the remainder when 156121022 is divided by 2665.
2657
What is the remainder when 16210678 is divided by 1350887?
34
What is the remainder when 10778871 is divided by 1627?
1623
Calculate the remainder when 147460 is divided by 21060.
40
What is the remainder when 816556 is divided by 1783?
1725
Calculate the remainder when 999696 is divided by 604.
76
What is the remainder when 5946882 is divided by 945?
942
Calculate the remainder when 201823 is divided by 66976.
895
What is the remainder when 119181 is divided by 1023?
513
Calculate the remainder when 215178 is divided by 3842.
26
Calculate the remainder when 1896393 is divided by 327.
120
What is the remainder when 1940507 is divided by 15524?
7
Calculate the remainder when 674487 is divided by 337168.
151
Calculate the remainder when 234033 is divided by 3151.
859
Calculate the remainder when 66395 is divided by 66382.
13
What is the remainder when 31852 is divided by 4009?
3789
Calculate the remainder when 2933637 is divided by 51.
15
What is the remainder when 32790168 is divided by 31529?
8
What is the remainder when 8200397 is divided by 4776?
5
What is the remainder when 12916 is divided by 630?
316
What is the remainder when 28885304 is divided by 28885266?
38
Calculate the remainder when 799299006 is divided by 27.
24
What is the remainder when 14904 is divided by 1070?
994
Calculate the remainder when 2679790 is divided by 890.
0
What is the remainder when 1461407 is divided by 39487?
388
What is the remainder when 21691080 is divided by 14?
12
Calculate the remainder when 5668406 is divided by 87206.
16
What is the remainder when 6795467 is divided by 54363?
92
Calculate the remainder when 8260847 is divided by 41933.
46
What is the remainder when 26012 is divided by 1812?
644
Calculate the remainder when 5295949 is divided by 162.
7
What is the remainder when 3837302 is divided by 174?
80
Calculate the remainder when 15806018 is divided by 177595.
63
Calculate the remainder when 806678 is divided by 805990.
688
What is the remainder when 102975932 is divided by 366?
2
Calculate the remainder when 93198422 is divided by 61.
60
Calculate the remainder when 100702439 is divided by 196.
187
What is the remainder when 2912998 is divided by 713?
393
What is the remainder when 1987060 is divided by 5661?
49
Calculate the remainder when 38983 is divided by 12887.
322
What is the remainder when 685518 is divided by 115?
3
What is the remainder when 1818223 is divided by 7301?
274
Calculate the remainder when 77656 is divided by 4814.
632
What is the remainder when 33157563 is divided by 1902?
1899
Calculate the remainder when 10964021 is divided by 1058.
1025
What is the remainder when 15296 is divided by 1294?
1062
Calculate the remainder when 61130 is divided by 4876.
2618
What is the remainder when 1896479 is divided by 92?
83
Calculate the remainder when 6123871 is divided by 68.
63
Calculate the remainder when 18921 is divided by 6278.
87
Calculate the remainder when 231283 is divided by 564.
43
What is the remainder when 139800 is divided by 12694?
166
Calculate the remainder when 128171 is divided by 127172.
999
What is the remainder when 720221026 is divided by 2893?
2890
Calculate the remainder when 536564709 is divided by 114.
111
What is the remainder when 4512668 is divided by 5?
3
Calculate the remainder when 64391 is divided by 4119.
2606
What is the remainder when 24213336 is divided by 4429?
4422
What is the remainder when 33503 is divided by 3618?
941
Calculate the remainder when 7075026 is divided by 7075002.
24
What is the remainder when 112491 is divided by 27289?
3335
What is the remainder when 1255044 is divided by 5102?
5054
What is the remainder when 952349453 is divided by 966?
965
Calculate the remainder when 167010 is divided by 41750.
10
Calculate the remainder when 15810568 is divided by 481.
98
What is the remainder when 273456 is divided by 714?
708
Calculate the remainder when 73180 is divided by 23936.
1372
What is the remainder when 2942606 is divided by 30?
26
What is the remainder when 5455939 is divided by 656?
643
Calculate the remainder when 146373 is divided by 48769.
66
What is the remainder when 2074569 is divided by 1673?
49
What is the remainder when 42166 is divided by 861?
838
Calculate the remainder when 43827495 is divided by 461342.
5
Calculate the remainder when 21663316 is divided by 1927.
1909
What is the remainder when 1450877 is divided by 1450862?
15
Calculate the remainder when 4679442 is divided by 101.
11
Calculate the remainder when 3743307 is divided by 6107.
5823
Calculate the remainder when 198895051 is divided by 161.
159
What is the remainder when 2643697 is divided by 91?
56
Calculate the remainder when 42686886 is divided by 1396.
1394
What is the remainder when 2208935 is divided by 5635?
15
Calculate the remainder when 204195 is divided by 33444.
3531
What is the remainder when 218726 is divided by 404?
162
Calculate the remainder when 3621705 is divided by 18.
15
Calculate the remainder when 193850 is divided by 682.
162
Calculate the remainder when 179624 is divided by 177189.
2435
Calculate the remainder when 2554675 is divided by 9.
7
Calculate the remainder when 4834902 is divided by 796.
794
What is the remainder when 6486155 is divided by 6028?
27
Calculate the remainder when 3919618 is divided by 152.
146
What is the remainder when 330405 is divided by 47143?
404
Calculate the remainder when 8988952 is divided by 1877.
1876
Calculate the remainder when 74839 is divided by 442.
141
Calculate the remainder when 42277 is divided by 3483.
481
Calculate the remainder when 66335 is divided by 483.
164
Calculate the remainder when 99437 is divided by 2026.
163
Calculate the remainder when 87666 is divided by 156.
150
Calculate the remainder when 9107 is divided by 1219.
574
Calculate the remainder when 2024057 is divided by 2004.
17
Calculate the remainder when 13393941 is divided by 571.
565
Calculate the remainder when 3302634 is divided by 38.
16
What is the remainder when 5015435 is divided by 238830?
5
What is the remainder when 1601932 is divided by 177976?
148
What is the remainder when 1325346 is divided by 552?
546
Calculate the remainder when 14393067 is divided by 1157.
1144
What is the remainder when 61740611 is divided by 11?
9
What is the remainder when 173991852 is divided by 133737?
15
Calculate the remainder when 19056 is divided by 9422.
212
What is the remainder when 941947 is divided by 417?
361
What is the remainder when 72191 is divided by 23479?
1754
What is the remainder when 88282 is divided by 1295?
222
Calculate the remainder when 49030158 is divided by 905.
878
What is the remainder when 168038 is divided by 3653?
0
What is the remainder when 314807 is divided by 1640?
1567
What is the remainder when 675837 is divided by 11854?
159
Calculate the remainder when 1015105 is divided by 202921.
500
Calculate the remainder when 2390648 is divided by 87.
62
What is the remainder when 234633454 is divided by 172?
170
Calculate the remainder when 21265 is divided by 16797.
4468
Calculate the remainder when 231086 is divided by 7955.
391
Calculate the remainder when 279154 is divided by 31016.
10
Calculate the remainder when 189425 is divided by 18777.
1655
What is the remainder when 442504 is divided by 329?
328
What is the remainder when 610222 is divided by 8?
6
What is the remainder when 16042707 is divided by 235922?
11
What is the remainder when 8165003 is divided by 8164994?
9
Calculate the remainder when 6898689 is divided by 689848.
209
What is the remainder when 8481866 is divided by 273?
29
Calculate the remainder when 8845867 is divided by 157953.
499
What is the remainder when 2161770 is divided by 14606?
82
Calculate the remainder when 78692 is divided by 36435.
5822
What is the remainder when 1990990 is divided by 1866?
1834
Calculate the remainder when 160966 is divided by 53136.
1558
Calcu